are the prime factors of 165902?
2, 11, 7541
List the prime factors of 13416147.
3, 19, 67, 1171
What are the prime factors of 2390091?
3, 11, 23, 47, 67
List the prime factors of 19560763.
53, 369071
What are the prime factors of 34593914?
2, 41, 101, 4177
List the prime factors of 2914057.
701, 4157
List the prime factors of 1391659.
97, 14347
List the prime factors of 1462020.
2, 3, 5, 7, 59
What are the prime factors of 389680?
2, 5, 4871
What are the prime factors of 146542?
2, 11, 6661
List the prime factors of 16185.
3, 5, 13, 83
What are the prime factors of 1602831?
3, 79, 6763
List the prime factors of 230808.
2, 3, 59, 163
List the prime factors of 514825.
5, 20593
List the prime factors of 221824.
2, 1733
What are the prime factors of 432900?
2, 3, 5, 13, 37
What are the prime factors of 540651?
3, 17, 10601
What are the prime factors of 2589610?
2, 5, 17, 15233
What are the prime factors of 100925?
5, 11, 367
List the prime factors of 534703.
13, 41131
List the prime factors of 1196125.
5, 7, 1367
List the prime factors of 1508034.
2, 3, 11, 73, 313
List the prime factors of 23144581.
29, 798089
What are the prime factors of 991281?
3, 330427
List the prime factors of 3671956.
2, 61, 101, 149
What are the prime factors of 786297?
3, 349, 751
List the prime factors of 422345.
5, 7, 11, 1097
What are the prime factors of 373213?
373213
What are the prime factors of 285604?
2, 11, 6491
What are the prime factors of 21155876?
2, 7, 755567
List the prime factors of 1101725.
5, 127, 347
What are the prime factors of 2020179?
3, 7, 96199
What are the prime factors of 2898159?
3, 11, 31, 2833
List the prime factors of 29777.
11, 2707
What are the prime factors of 207461?
19, 61, 179
What are the prime factors of 226594?
2, 19, 67, 89
List the prime factors of 265692.
2, 3, 7, 3163
What are the prime factors of 1774929?
3, 13, 71, 641
What are the prime factors of 120236?
2, 30059
List the prime factors of 2515600.
2, 5, 19, 331
What are the prime factors of 1989083?
37, 53759
What are the prime factors of 1572088?
2, 7, 67, 419
What are the prime factors of 1192212?
2, 3, 7, 19, 83
What are the prime factors of 1503786?
2, 3, 17, 23, 641
What are the prime factors of 5950518?
2, 3, 7, 141679
What are the prime factors of 1539241?
11, 12721
List the prime factors of 130667.
41, 3187
What are the prime factors of 1951497?
3, 29, 7477
What are the prime factors of 3929838?
2, 3, 11, 5413
What are the prime factors of 28055?
5, 31, 181
What are the prime factors of 995376?
2, 3, 89, 233
List the prime factors of 2052653.
1063, 1931
What are the prime factors of 492545?
5, 23, 4283
List the prime factors of 43533.
3, 7, 691
What are the prime factors of 231317?
231317
List the prime factors of 3503745.
3, 5, 7, 227
What are the prime factors of 28728970?
2, 5, 2872897
List the prime factors of 291511.
11, 26501
List the prime factors of 6999760.
2, 5, 59, 1483
What are the prime factors of 220783?
220783
What are the prime factors of 120608?
2, 3769
List the prime factors of 899159.
899159
What are the prime factors of 9651016?
2, 1206377
List the prime factors of 130741.
13, 89, 113
What are the prime factors of 332739?
3, 11, 3361
What are the prime factors of 795247?
809, 983
List the prime factors of 20498.
2, 37, 277
What are the prime factors of 189030?
2, 3, 5, 6301
What are the prime factors of 764692?
2, 191173
What are the prime factors of 727717?
727717
What are the prime factors of 302044?
2, 75511
List the prime factors of 92433.
3, 11, 2801
What are the prime factors of 21769224?
2, 3, 23, 113, 349
What are the prime factors of 1790332?
2, 19, 23557
What are the prime factors of 426623?
233, 1831
List the prime factors of 1450525.
5, 17, 3413
What are the prime factors of 180422?
2, 11, 59, 139
What are the prime factors of 14045946?
2, 3, 127, 18433
List the prime factors of 178628.
2, 44657
List the prime factors of 3250353.
3, 1083451
What are the prime factors of 2557309?
79, 32371
List the prime factors of 18097102.
2, 29, 67, 4657
What are the prime factors of 42529?
71, 599
What are the prime factors of 436125?
3, 5, 1163
List the prime factors of 169255.
5, 33851
List the prime factors of 7140561.
3, 17, 19, 7369
List the prime factors of 1239712.
2, 19, 2039
List the prime factors of 12831599.
11, 401, 2909
List the prime factors of 642865.
5, 19, 67, 101
List the prime factors of 1602843.
3, 11, 48571
What are the prime factors of 8735158?
2, 571, 7649
What are the prime factors of 661425?
3, 5, 8819
What are the prime factors of 2184068?
2, 546017
What are the prime factors of 215180?
2, 5, 7, 29, 53
What are the prime factors of 2441368?
2, 43, 47, 151
What are the prime factors of 1622724?
2, 3, 29, 4663
What are the prime factors of 995449?
7, 13, 10939
What are the prime factors of 2361829?
59, 40031
What are the prime factors of 330123?
3, 17, 6473
List the prime factors of 9913652.
2, 7, 17, 59, 353
List the prime factors of 1065366.
2, 3, 109, 181
List the prime factors of 13652061.
3, 151, 30137
List the prime factors of 262651.
262651
What are the prime factors of 4286607?
3, 13, 109913
List the prime factors of 22801179.
3, 83, 91571
What are the prime factors of 235195?
5, 17, 2767
List the prime factors of 10496191.
17, 36319
List the prime factors of 337986.
2, 3, 11, 569
List the prime factors of 1145500.
2, 5, 29, 79
What are the prime factors of 10464?
2, 3, 109
List the prime factors of 6468644.
2, 7, 13, 1367
What are the prime factors of 38654307?
3, 37, 38693
List the prime factors of 11220577.
53, 127, 1667
What are the prime factors of 14512852?
2, 41, 88493
What are the prime factors of 20796221?
20796221
What are the prime factors of 102784?
2, 11, 73
List the prime factors of 27066347.
7, 11, 347, 1013
What are the prime factors of 65880?
2, 3, 5, 61
List the prime factors of 262298.
2, 131149
List the prime factors of 31540.
2, 5, 19, 83
List the prime factors of 6422476.
2, 1605619
What are the prime factors of 4400732?
2, 7, 73, 2153
What are the prime factors of 587226?
2, 3, 97871
List the prime factors of 919352.
2, 7, 16417
List the prime factors of 6652523.
1291, 5153
List the prime factors of 1462.
2, 17, 43
What are the prime factors of 649403?
649403
List the prime factors of 1408528.
2, 11, 53, 151
What are the prime factors of 6063039?
3, 41, 5477
List the prime factors of 6389651.
193, 33107
What are the prime factors of 34082422?
2, 11, 191, 8111
List the prime factors of 139462.
2, 103, 677
What are the prime factors of 133914?
2, 3, 11, 2029
What are the prime factors of 4697992?
2, 13, 199, 227
List the prime factors of 1547600.
2, 5, 53, 73
List the prime factors of 487881.
3, 151, 359
What are the prime factors of 2724129?
3, 302681
What are the prime factors of 69151?
69151
What are the prime factors of 242925?
3, 5, 41, 79
What are the prime factors of 4693528?
2, 7, 83813
List the prime factors of 33958786.
2, 83, 157, 1303
What are the prime factors of 525841?
443, 1187
What are the prime factors of 3538142?
2, 17, 19, 5477
List the prime factors of 228043.
457, 499
What are the prime factors of 13937933?
1613, 8641
What are the prime factors of 894906?
2, 3, 83, 599
List the prime factors of 2848113.
3, 23, 13759
What are the prime factors of 8645717?
103, 83939
List the prime factors of 172078.
2, 97, 887
What are the prime factors of 22812064?
2, 11, 229, 283
List the prime factors of 4606691.
4606691
What are the prime factors of 32067881?
29, 127, 8707
What are the prime factors of 3094173?
3, 114599
List the prime factors of 346537.
43, 8059
What are the prime factors of 542359?
43, 12613
What are the prime factors of 5741022?
2, 3, 7, 136691
List the prime factors of 3448526.
2, 1724263
What are the prime factors of 2087489?
2087489
What are the prime factors of 1002127?
7, 239, 599
What are the prime factors of 499625?
5, 7, 571
What are the prime factors of 232226?
2, 116113
List the prime factors of 142567.
142567
What are the prime factors of 1773417?
3, 31, 19069
What are the prime factors of 281346?
2, 3, 13, 3607
List the prime factors of 6136893.
3, 7, 29, 3359
List the prime factors of 5833775.
5, 229, 1019
List the prime factors of 2831276.
2, 7, 10